 13, what is -427 - 2cc?
-726
In base 15, what is 3963d - -156?
39794
In base 2, what is 100 - 111110101011000011101111?
-111110101011000011101011
In base 4, what is -102022310030 + 10?
-102022310020
In base 13, what is -322c + 36b86?
33957
In base 7, what is 11426 + 151351?
163110
In base 16, what is 0 + 1e995d4?
1e995d4
In base 6, what is -35 + -303155031?
-303155110
In base 13, what is -24a24 - 28?
-24a4c
In base 11, what is 5 + 1570297?
15702a1
In base 8, what is -4 - 71746261?
-71746265
In base 9, what is 4712526 + -5?
4712521
In base 8, what is 706173027 - 1?
706173026
In base 12, what is -2384 + 1806?
-77a
In base 11, what is 3a3 + a74709?
a75001
In base 2, what is 1010001011111101 - -1000011110011?
1011001111110000
In base 4, what is 10310 - -20010312?
20021222
In base 6, what is 504540 + -54102?
410434
In base 16, what is 102 - -3a4c?
3b4e
In base 12, what is -489516 - 1b0?
-489706
In base 9, what is -1123 - 107813?
-110036
In base 6, what is -105251 + -334424?
-444115
In base 16, what is -1cb - -413b?
3f70
In base 10, what is 0 + -2003381?
-2003381
In base 6, what is 10405333 - -35035?
10444412
In base 11, what is -35672 + -884?
-36446
In base 2, what is -1101100000 - 100101111110110?
-100111101010110
In base 9, what is 378 - 2625?
-2236
In base 4, what is -3 + -3311210010123?
-3311210010132
In base 9, what is -10846 + 201?
-10645
In base 9, what is 6 + -686310?
-686303
In base 6, what is 42 - -5001522405?
5001522451
In base 14, what is 92a + 227?
b53
In base 14, what is a90 + 44bb0?
45860
In base 14, what is -778cd5 - -4?
-778cd1
In base 13, what is -221398 - -14?
-221384
In base 3, what is 11 + -2001001212222?
-2001001212211
In base 2, what is 110 + -1111110001011110100110?
-1111110001011110100000
In base 10, what is 20 - 651798?
-651778
In base 11, what is 2588780 + -57?
2588724
In base 7, what is -23424 - 15310?
-42034
In base 4, what is 20310031000 + 10?
20310031010
In base 9, what is 3 - -10712037?
10712041
In base 3, what is -11 + 10010122010121?
10010122010110
In base 9, what is -55 + 684238?
684173
In base 9, what is 4 - 130180416?
-130180412
In base 9, what is 48160541 - -14?
48160555
In base 12, what is 49a + -3426?
-2b48
In base 5, what is -3013421000 - 2?
-3013421002
In base 3, what is -1 - 2121212012?
-2121212020
In base 13, what is 275 + -17966?
-176c1
In base 11, what is 318a0 - -384?
32174
In base 13, what is 1974 - -1baa8?
2074c
In base 13, what is -272088b + -8?
-2720896
In base 6, what is -3 + -251531221?
-251531224
In base 11, what is 1674aa4 + -7?
1674a98
In base 4, what is 121013231121 - -2?
121013231123
In base 5, what is 2 - 102104023?
-102104021
In base 8, what is 161660612 + 3?
161660615
In base 5, what is 2024 + -10330032?
-10323003
In base 12, what is -8 - 5318b?
-53197
In base 4, what is 1201333202 - 130?
1201333012
In base 5, what is -400103440 + 103?
-400103332
In base 2, what is -111100110 + -1111001100001101100?
-1111001101001010010
In base 14, what is -d - -2328171?
2328162
In base 10, what is -45197477 + -1?
-45197478
In base 9, what is 38325041 - -11?
38325052
In base 5, what is 1014021423312 + -3?
1014021423304
In base 8, what is -31420 + 37?
-31361
In base 9, what is -161571520 + 5?
-161571514
In base 6, what is 3020323535 + -2?
3020323533
In base 6, what is 301032323 + 22?
301032345
In base 13, what is 82 + -54cc?
-544a
In base 9, what is -4568715 - 472?
-4570287
In base 7, what is -41201 + -22521?
-64022
In base 4, what is -1 - -1200311000011?
1200311000010
In base 10, what is -2996421 + -11?
-2996432
In base 4, what is -1220000 + -212220132?
-220100132
In base 4, what is -1023211200 - -1120?
-1023210020
In base 5, what is 3013432 + 2323?
3021310
In base 10, what is -36 + 6529100?
6529064
In base 3, what is 22101020210 - -1122?
22101022102
In base 11, what is 2 + 23912670?
23912672
In base 7, what is 2335 + -20054?
-14416
In base 16, what is -1883 + 329?
-155a
In base 11, what is -379108632 - 1?
-379108633
In base 16, what is -5 - 5d26a3?
-5d26a8
In base 11, what is -24449383 + 11?
-24449372
In base 13, what is -184b783 - 19?
-184b79c
In base 9, what is -52028062 + -12?
-52028074
In base 15, what is -a646320 - -3?
-a64631c
In base 6, what is -1020140 + 1242?
-1014454
In base 3, what is 221 + -202112200220?
-202112122222
In base 15, what is -1a68 + -35d85?
-378ed
In base 7, what is -10 - 3533424?
-3533434
In base 14, what is -1c0248 - 16?
-1c0260
In base 5, what is -1220120341 + 1?
-1220120340
In base 13, what is -4408 - -4b14?
709
In base 9, what is 5222667 - -76?
5222754
In base 2, what is -1110000001010011100010001 - -1100?
-1110000001010011100000101
In base 10, what is 5 + -3540043?
-3540038
In base 9, what is 43 + -1384663?
-1384620
In base 9, what is 2308 - -20730?
23138
In base 7, what is -206 - -1062210?
1062001
In base 10, what is -252825 + 1104?
-251721
In base 8, what is 2 + -24654224?
-24654222
In base 16, what is -24 + 8c728?
8c704
In base 4, what is 1332332 + -3123?
1323203
In base 15, what is c210 + -220?
bee0
In base 4, what is 10 + 230103111132?
230103111202
In base 10, what is -18978 + 73?
-18905
In base 12, what is 97562 - 6b3?
96a6b
In base 4, what is 3223 + -2002113202?
-2002103313
In base 3, what is -2022000201002 - -212211?
-2021222211021
In base 16, what is 67556c - f?
67555d
In base 9, what is 273048 - 113?
272835
In base 8, what is 6032703 + 4?
6032707
In base 9, what is -4 + -8803428?
-8803433
In base 14, what is 10c1b - 902?
10319
In base 5, what is 44012102032 + -31?
44012102001
In base 7, what is 222663033 - -5?
222663041
In base 14, what is -2a - 51c00a?
-51c036
In base 10, what is 1 + 23698369?
23698370
In base 2, what is -1011111000101 + -10010100011100101?
-10100000010101010
In base 2, what is -110110111011111010010 + 101111?
-110110111011110100011
In base 6, what is 214 + 13011412?
13012030
In base 14, what is -3 - -1937d53?
1937d50
In base 10, what is 2 - 2424393?
-2424391
In base 14, what is 13a1 - 341b?
-205a
In base 12, what is 3076a + -389?
303a1
In base 5, what is -2011413040 - -1?
-2011413034
In base 9, what is 3 + -26110?
-26106
In base 13, what is -2 + -365b2a?
-365b2c
In base 14, what is cdb1c3 + 23?
cdb206
In base 10, what is 55253 + 37?
55290
In base 16, what is -115 - -40b7d?
40a68
In base 16, what is 27ad6b - -1?
27ad6c
In base 7, what is 20 - 300306041?
-300306021
In base 10, what is 2 + 2026576?
2026578
In base 2, what is 100100001010011100 - 11001000?
100100000111010100
In base 9, what is 357 + -376325?
-375857
In base 6, what is -20405204 + 425?
-20404335
In base 7, what is -5633 + -26553?
-35516
In base 16, what is c91 - -c0d7?
cd68
In base 6, what is 3 + 10154054201?
10154054204
In base 14, what is -13632c6 + 2?
-13632c4
In base 8, what is -47174 + -603?
-47777
In base 14, what is 135b412 - -5?
135b417
In base 12, what is 60a90b9 - 2?
60a90b7
In base 14, what is -3 - -403a2a9?
403a2a6
In base 16, what is a + -a05c4?
-a05ba
In base 4, what is -1 + 21103132230?
21103132223
In base 4, what is 21133131001323 - 0?
21133131001323
In base 2, what is -11011011110011000111101101 + 101?
-11011011110011000111101000
In base 14, what is -11 + -55db4?
-55dc5
In base 4, what is 1110110 + 100022?
1210132
In base 2, what is -100000110011111101111 - -11011101?
-100000110011100010010
In base 4, what is -20 + -122211003303?
-122211003323
In base 6, what is -240503002 + 4?
-240502554
In base 16, what is -aa8 - -c2ee?
b846
In base 7, what is -4 + -303243624?
-303243631
In base 12, what is 29a40665 - -5?
29a4066a
In base 13, what is -30c05b + -4?
-30c062
In base 4, what is 1200120131 + 11003?
1200131200
In base 11, what is 247642 + 105a?
2486a1
In base 8, what is 211700133 + -6?
211700125
In base 15, what is 21 + -9629e?
-9627d
In base 7, what is 24452014 - -5?
24452022
In base 13, what is 32ab - -55c7?
88a5
In base 7, what is -1002 + 2650314?
2646312
In base 16, what is 8 + -213de50?
-213de48
In base 7, what is -54 + 622631633?
622631546
In base 12, what is 4 + -5069a38?
-5069a34
In base 9, what is -264 + -131030?
-131304
In base 15, what is 5 + -24e4885?
-24e4880
In base 5, what is -10114 + -102211321?
-102221440
In base 3, what is -2 + -10121110211120122?
-10121110211120201
In base 16, what is 57 - -419e0f?
419e66
In base 15, what is -2d32368 - -4?
-2d323